{"id":4702,"date":"2025-10-16T14:43:26","date_gmt":"2025-10-16T12:43:26","guid":{"rendered":"https:\/\/romanemoreira.com\/?page_id=4702"},"modified":"2025-10-16T14:54:18","modified_gmt":"2025-10-16T12:54:18","slug":"process-creation","status":"publish","type":"page","link":"https:\/\/romanemoreira.com\/index.php\/process-creation\/","title":{"rendered":"2h de cr\u00e9ation de contenu : Le Process"},"content":{"rendered":"\t\t<div data-elementor-type=\"wp-page\" data-elementor-id=\"4702\" class=\"elementor elementor-4702\" data-elementor-post-type=\"page\">\n\t\t\t\t\t\t<section class=\"elementor-section elementor-top-section elementor-element elementor-element-8cf26c4 elementor-section-boxed elementor-section-height-default elementor-section-height-default\" data-id=\"8cf26c4\" data-element_type=\"section\" data-e-type=\"section\" data-settings=\"{&quot;background_background&quot;:&quot;classic&quot;}\">\n\t\t\t\t\t\t<div class=\"elementor-container elementor-column-gap-default\">\n\t\t\t\t\t<div class=\"elementor-column elementor-col-100 elementor-top-column elementor-element elementor-element-bfa665c\" data-id=\"bfa665c\" data-element_type=\"column\" data-e-type=\"column\">\n\t\t\t<div class=\"elementor-widget-wrap elementor-element-populated\">\n\t\t\t\t\t\t<div class=\"elementor-element elementor-element-8dc431d elementor-widget elementor-widget-image\" data-id=\"8dc431d\" data-element_type=\"widget\" data-e-type=\"widget\" data-widget_type=\"image.default\">\n\t\t\t\t<div class=\"elementor-widget-container\">\n\t\t\t\t\t\t\t\t\t\t\t\t\t\t\t<img fetchpriority=\"high\" decoding=\"async\" width=\"1678\" height=\"388\" src=\"https:\/\/romanemoreira.com\/wp-content\/uploads\/2025\/10\/Capture-decran-2025-10-16-a-14.43.17.png\" class=\"attachment-full size-full wp-image-4707\" alt=\"\" srcset=\"https:\/\/romanemoreira.com\/wp-content\/uploads\/2025\/10\/Capture-decran-2025-10-16-a-14.43.17.png 1678w, https:\/\/romanemoreira.com\/wp-content\/uploads\/2025\/10\/Capture-decran-2025-10-16-a-14.43.17-300x69.png 300w, https:\/\/romanemoreira.com\/wp-content\/uploads\/2025\/10\/Capture-decran-2025-10-16-a-14.43.17-1024x237.png 1024w, https:\/\/romanemoreira.com\/wp-content\/uploads\/2025\/10\/Capture-decran-2025-10-16-a-14.43.17-768x178.png 768w, https:\/\/romanemoreira.com\/wp-content\/uploads\/2025\/10\/Capture-decran-2025-10-16-a-14.43.17-1536x355.png 1536w\" sizes=\"(max-width: 1678px) 100vw, 1678px\" \/>\t\t\t\t\t\t\t\t\t\t\t\t\t\t\t<\/div>\n\t\t\t\t<\/div>\n\t\t\t\t\t<\/div>\n\t\t<\/div>\n\t\t\t\t\t<\/div>\n\t\t<\/section>\n\t\t\t\t<section class=\"elementor-section elementor-top-section elementor-element elementor-element-0b7a5e2 elementor-section-boxed elementor-section-height-default elementor-section-height-default\" data-id=\"0b7a5e2\" data-element_type=\"section\" data-e-type=\"section\" data-settings=\"{&quot;background_background&quot;:&quot;classic&quot;}\">\n\t\t\t\t\t\t<div class=\"elementor-container elementor-column-gap-default\">\n\t\t\t\t\t<div class=\"elementor-column elementor-col-100 elementor-top-column elementor-element elementor-element-84d718a\" data-id=\"84d718a\" data-element_type=\"column\" data-e-type=\"column\">\n\t\t\t<div class=\"elementor-widget-wrap elementor-element-populated\">\n\t\t\t\t\t\t<div class=\"elementor-element elementor-element-8e3e1e3 elementor-widget elementor-widget-heading\" data-id=\"8e3e1e3\" data-element_type=\"widget\" data-e-type=\"widget\" data-widget_type=\"heading.default\">\n\t\t\t\t<div class=\"elementor-widget-container\">\n\t\t\t\t\t<h2 class=\"elementor-heading-title elementor-size-default\">Cr\u00e9er ton contenu en 2h par semaine<br>\n\ud83d\udc49 T\u00e9l\u00e9charge le process complet<\/h2>\t\t\t\t<\/div>\n\t\t\t\t<\/div>\n\t\t\t\t<div class=\"elementor-element elementor-element-8639ae7 elementor-button-align-stretch elementor-widget elementor-widget-form\" data-id=\"8639ae7\" data-element_type=\"widget\" data-e-type=\"widget\" data-settings=\"{&quot;step_next_label&quot;:&quot;Next&quot;,&quot;step_previous_label&quot;:&quot;Previous&quot;,&quot;button_width&quot;:&quot;100&quot;,&quot;step_type&quot;:&quot;number_text&quot;,&quot;step_icon_shape&quot;:&quot;circle&quot;}\" data-widget_type=\"form.default\">\n\t\t\t\t<div class=\"elementor-widget-container\">\n\t\t\t\t\t\t\t<form class=\"elementor-form\" method=\"post\" name=\"New Form\" aria-label=\"New Form\">\n\t\t\t<input type=\"hidden\" name=\"post_id\" value=\"4702\"\/>\n\t\t\t<input type=\"hidden\" name=\"form_id\" value=\"8639ae7\"\/>\n\t\t\t<input type=\"hidden\" name=\"referer_title\" value=\"Romane M. - Offre d&#039;accompagnement -\" \/>\n\n\t\t\t\t\t\t\t<input type=\"hidden\" name=\"queried_id\" value=\"4702\"\/>\n\t\t\t\n\t\t\t<div class=\"elementor-form-fields-wrapper elementor-labels-above\">\n\t\t\t\t\t\t\t\t<div class=\"elementor-field-type-text elementor-field-group elementor-column elementor-field-group-name elementor-col-100 elementor-field-required elementor-mark-required\">\n\t\t\t\t\t\t\t\t\t\t\t\t<label for=\"form-field-name\" class=\"elementor-field-label\">\n\t\t\t\t\t\t\t\tTon nom :\t\t\t\t\t\t\t<\/label>\n\t\t\t\t\t\t\t\t\t\t\t\t\t\t<input size=\"1\" type=\"text\" name=\"form_fields[name]\" id=\"form-field-name\" class=\"elementor-field elementor-size-md  elementor-field-textual\" placeholder=\"Nom\" required=\"required\">\n\t\t\t\t\t\t\t\t\t\t\t<\/div>\n\t\t\t\t\t\t\t\t<div class=\"elementor-field-type-text elementor-field-group elementor-column elementor-field-group-field_78ad60b elementor-col-100 elementor-field-required elementor-mark-required\">\n\t\t\t\t\t\t\t\t\t\t\t\t<label for=\"form-field-field_78ad60b\" class=\"elementor-field-label\">\n\t\t\t\t\t\t\t\tTon pr\u00e9nom\t\t\t\t\t\t\t<\/label>\n\t\t\t\t\t\t\t\t\t\t\t\t\t\t<input size=\"1\" type=\"text\" name=\"form_fields[field_78ad60b]\" id=\"form-field-field_78ad60b\" class=\"elementor-field elementor-size-md  elementor-field-textual\" placeholder=\"Pr\u00e9nom\" required=\"required\">\n\t\t\t\t\t\t\t\t\t\t\t<\/div>\n\t\t\t\t\t\t\t\t<div class=\"elementor-field-type-email elementor-field-group elementor-column elementor-field-group-email elementor-col-100 elementor-field-required elementor-mark-required\">\n\t\t\t\t\t\t\t\t\t\t\t\t<label for=\"form-field-email\" class=\"elementor-field-label\">\n\t\t\t\t\t\t\t\tTon email :\t\t\t\t\t\t\t<\/label>\n\t\t\t\t\t\t\t\t\t\t\t\t\t\t<input size=\"1\" type=\"email\" name=\"form_fields[email]\" id=\"form-field-email\" class=\"elementor-field elementor-size-md  elementor-field-textual\" placeholder=\"Email\" required=\"required\">\n\t\t\t\t\t\t\t\t\t\t\t<\/div>\n\t\t\t\t\t\t\t\t<div class=\"elementor-field-group elementor-column elementor-field-type-submit elementor-col-100 e-form__buttons\">\n\t\t\t\t\t<button class=\"elementor-button elementor-size-sm\" type=\"submit\">\n\t\t\t\t\t\t<span class=\"elementor-button-content-wrapper\">\n\t\t\t\t\t\t\t\t\t\t\t\t\t\t\t\t\t\t\t\t\t\t<span class=\"elementor-button-text\">\ud83d\udc49 RECEVOIR LE PROMPT <\/span>\n\t\t\t\t\t\t\t\t\t\t\t\t\t<\/span>\n\t\t\t\t\t<\/button>\n\t\t\t\t<\/div>\n\t\t\t<\/div>\n\t\t<\/form>\n\t\t\t\t\t\t<\/div>\n\t\t\t\t<\/div>\n\t\t\t\t<div class=\"elementor-element elementor-element-332f10a elementor-widget elementor-widget-text-editor\" data-id=\"332f10a\" data-element_type=\"widget\" data-e-type=\"widget\" data-widget_type=\"text-editor.default\">\n\t\t\t\t<div class=\"elementor-widget-container\">\n\t\t\t\t\t\t\t\t\t<p>\u26a0\ufe0f Une fois que tu as entr\u00e9 tes coordonn\u00e9es, <strong>la page Notion va s&rsquo;ouvrir.<\/strong> Et tu vas recevoir le lien directement dans <b>ta bo\u00eete mail.<\/b><\/p>\n<p><span style=\"font-style: inherit; font-weight: inherit;\">(Il n&rsquo;y auras de spam, ne t&rsquo;inqui\u00e8te pas\ud83d\ude09)<\/span><\/p>\t\t\t\t\t\t\t\t<\/div>\n\t\t\t\t<\/div>\n\t\t\t\t\t<\/div>\n\t\t<\/div>\n\t\t\t\t\t<\/div>\n\t\t<\/section>\n\t\t\t\t<\/div>\n\t\t","protected":false},"excerpt":{"rendered":"<p>Cr\u00e9er ton contenu en 2h par semaine \ud83d\udc49 T\u00e9l\u00e9charge le process complet \u26a0\ufe0f Une fois que tu as entr\u00e9 tes coordonn\u00e9es, la page Notion va s&rsquo;ouvrir. Et tu vas recevoir le lien directement dans ta bo\u00eete mail. (Il n&rsquo;y auras de spam, ne t&rsquo;inqui\u00e8te pas\ud83d\ude09)<\/p>\n","protected":false},"author":1,"featured_media":0,"parent":0,"menu_order":0,"comment_status":"closed","ping_status":"closed","template":"elementor_header_footer","meta":{"om_disable_all_campaigns":false,"_monsterinsights_skip_tracking":false,"_monsterinsights_sitenote_active":false,"_monsterinsights_sitenote_note":"","_monsterinsights_sitenote_category":0,"site-sidebar-layout":"no-sidebar","site-content-layout":"page-builder","ast-global-header-display":"","ast-main-header-display":"","ast-hfb-above-header-display":"","ast-hfb-below-header-display":"","ast-hfb-mobile-header-display":"","site-post-title":"disabled","ast-breadcrumbs-content":"","ast-featured-img":"disabled","footer-sml-layout":"","theme-transparent-header-meta":"","adv-header-id-meta":"","stick-header-meta":"","header-above-stick-meta":"","header-main-stick-meta":"","header-below-stick-meta":"","footnotes":""},"class_list":["post-4702","page","type-page","status-publish","hentry"],"aioseo_notices":[],"yoast_head":"<!-- This site is optimized with the Yoast SEO plugin v23.4 - https:\/\/yoast.com\/wordpress\/plugins\/seo\/ -->\n<title>2h de cr\u00e9ation de contenu : Le Process -<\/title>\n<meta name=\"robots\" content=\"index, follow, max-snippet:-1, max-image-preview:large, max-video-preview:-1\" \/>\n<link rel=\"canonical\" href=\"https:\/\/romanemoreira.com\/index.php\/process-creation\/\" \/>\n<meta property=\"og:locale\" content=\"fr_FR\" \/>\n<meta property=\"og:type\" content=\"article\" \/>\n<meta property=\"og:title\" content=\"2h de cr\u00e9ation de contenu : Le Process -\" \/>\n<meta property=\"og:description\" content=\"Cr\u00e9er ton contenu en 2h par semaine \ud83d\udc49 T\u00e9l\u00e9charge le process complet \u26a0\ufe0f Une fois que tu as entr\u00e9 tes coordonn\u00e9es, la page Notion va s&rsquo;ouvrir. Et tu vas recevoir le lien directement dans ta bo\u00eete mail. (Il n&rsquo;y auras de spam, ne t&rsquo;inqui\u00e8te pas\ud83d\ude09)\" \/>\n<meta property=\"og:url\" content=\"https:\/\/romanemoreira.com\/index.php\/process-creation\/\" \/>\n<meta property=\"article:modified_time\" content=\"2025-10-16T12:54:18+00:00\" \/>\n<meta property=\"og:image\" content=\"http:\/\/romanemoreira.com\/wp-content\/uploads\/2025\/10\/Capture-decran-2025-10-16-a-14.43.17.png\" \/>\n<meta name=\"twitter:card\" content=\"summary_large_image\" \/>\n<meta name=\"twitter:label1\" content=\"Dur\u00e9e de lecture estim\u00e9e\" \/>\n\t<meta name=\"twitter:data1\" content=\"1 minute\" \/>\n<script type=\"application\/ld+json\" class=\"yoast-schema-graph\">{\"@context\":\"https:\/\/schema.org\",\"@graph\":[{\"@type\":\"WebPage\",\"@id\":\"https:\/\/romanemoreira.com\/index.php\/process-creation\/\",\"url\":\"https:\/\/romanemoreira.com\/index.php\/process-creation\/\",\"name\":\"2h de cr\u00e9ation de contenu : Le Process -\",\"isPartOf\":{\"@id\":\"https:\/\/romanemoreira.com\/#website\"},\"primaryImageOfPage\":{\"@id\":\"https:\/\/romanemoreira.com\/index.php\/process-creation\/#primaryimage\"},\"image\":{\"@id\":\"https:\/\/romanemoreira.com\/index.php\/process-creation\/#primaryimage\"},\"thumbnailUrl\":\"http:\/\/romanemoreira.com\/wp-content\/uploads\/2025\/10\/Capture-decran-2025-10-16-a-14.43.17.png\",\"datePublished\":\"2025-10-16T12:43:26+00:00\",\"dateModified\":\"2025-10-16T12:54:18+00:00\",\"breadcrumb\":{\"@id\":\"https:\/\/romanemoreira.com\/index.php\/process-creation\/#breadcrumb\"},\"inLanguage\":\"fr-FR\",\"potentialAction\":[{\"@type\":\"ReadAction\",\"target\":[\"https:\/\/romanemoreira.com\/index.php\/process-creation\/\"]}]},{\"@type\":\"ImageObject\",\"inLanguage\":\"fr-FR\",\"@id\":\"https:\/\/romanemoreira.com\/index.php\/process-creation\/#primaryimage\",\"url\":\"https:\/\/romanemoreira.com\/wp-content\/uploads\/2025\/10\/Capture-decran-2025-10-16-a-14.43.17.png\",\"contentUrl\":\"https:\/\/romanemoreira.com\/wp-content\/uploads\/2025\/10\/Capture-decran-2025-10-16-a-14.43.17.png\",\"width\":1678,\"height\":388},{\"@type\":\"BreadcrumbList\",\"@id\":\"https:\/\/romanemoreira.com\/index.php\/process-creation\/#breadcrumb\",\"itemListElement\":[{\"@type\":\"ListItem\",\"position\":1,\"name\":\"Accueil\",\"item\":\"https:\/\/romanemoreira.com\/\"},{\"@type\":\"ListItem\",\"position\":2,\"name\":\"2h de cr\u00e9ation de contenu : Le Process\"}]},{\"@type\":\"WebSite\",\"@id\":\"https:\/\/romanemoreira.com\/#website\",\"url\":\"https:\/\/romanemoreira.com\/\",\"name\":\"\",\"description\":\"\",\"potentialAction\":[{\"@type\":\"SearchAction\",\"target\":{\"@type\":\"EntryPoint\",\"urlTemplate\":\"https:\/\/romanemoreira.com\/?s={search_term_string}\"},\"query-input\":{\"@type\":\"PropertyValueSpecification\",\"valueRequired\":true,\"valueName\":\"search_term_string\"}}],\"inLanguage\":\"fr-FR\"}]}<\/script>\n<!-- \/ Yoast SEO plugin. -->","yoast_head_json":{"title":"2h de cr\u00e9ation de contenu : Le Process -","robots":{"index":"index","follow":"follow","max-snippet":"max-snippet:-1","max-image-preview":"max-image-preview:large","max-video-preview":"max-video-preview:-1"},"canonical":"https:\/\/romanemoreira.com\/index.php\/process-creation\/","og_locale":"fr_FR","og_type":"article","og_title":"2h de cr\u00e9ation de contenu : Le Process -","og_description":"Cr\u00e9er ton contenu en 2h par semaine \ud83d\udc49 T\u00e9l\u00e9charge le process complet \u26a0\ufe0f Une fois que tu as entr\u00e9 tes coordonn\u00e9es, la page Notion va s&rsquo;ouvrir. Et tu vas recevoir le lien directement dans ta bo\u00eete mail. (Il n&rsquo;y auras de spam, ne t&rsquo;inqui\u00e8te pas\ud83d\ude09)","og_url":"https:\/\/romanemoreira.com\/index.php\/process-creation\/","article_modified_time":"2025-10-16T12:54:18+00:00","og_image":[{"url":"http:\/\/romanemoreira.com\/wp-content\/uploads\/2025\/10\/Capture-decran-2025-10-16-a-14.43.17.png"}],"twitter_card":"summary_large_image","twitter_misc":{"Dur\u00e9e de lecture estim\u00e9e":"1 minute"},"schema":{"@context":"https:\/\/schema.org","@graph":[{"@type":"WebPage","@id":"https:\/\/romanemoreira.com\/index.php\/process-creation\/","url":"https:\/\/romanemoreira.com\/index.php\/process-creation\/","name":"2h de cr\u00e9ation de contenu : Le Process -","isPartOf":{"@id":"https:\/\/romanemoreira.com\/#website"},"primaryImageOfPage":{"@id":"https:\/\/romanemoreira.com\/index.php\/process-creation\/#primaryimage"},"image":{"@id":"https:\/\/romanemoreira.com\/index.php\/process-creation\/#primaryimage"},"thumbnailUrl":"http:\/\/romanemoreira.com\/wp-content\/uploads\/2025\/10\/Capture-decran-2025-10-16-a-14.43.17.png","datePublished":"2025-10-16T12:43:26+00:00","dateModified":"2025-10-16T12:54:18+00:00","breadcrumb":{"@id":"https:\/\/romanemoreira.com\/index.php\/process-creation\/#breadcrumb"},"inLanguage":"fr-FR","potentialAction":[{"@type":"ReadAction","target":["https:\/\/romanemoreira.com\/index.php\/process-creation\/"]}]},{"@type":"ImageObject","inLanguage":"fr-FR","@id":"https:\/\/romanemoreira.com\/index.php\/process-creation\/#primaryimage","url":"https:\/\/romanemoreira.com\/wp-content\/uploads\/2025\/10\/Capture-decran-2025-10-16-a-14.43.17.png","contentUrl":"https:\/\/romanemoreira.com\/wp-content\/uploads\/2025\/10\/Capture-decran-2025-10-16-a-14.43.17.png","width":1678,"height":388},{"@type":"BreadcrumbList","@id":"https:\/\/romanemoreira.com\/index.php\/process-creation\/#breadcrumb","itemListElement":[{"@type":"ListItem","position":1,"name":"Accueil","item":"https:\/\/romanemoreira.com\/"},{"@type":"ListItem","position":2,"name":"2h de cr\u00e9ation de contenu : Le Process"}]},{"@type":"WebSite","@id":"https:\/\/romanemoreira.com\/#website","url":"https:\/\/romanemoreira.com\/","name":"","description":"","potentialAction":[{"@type":"SearchAction","target":{"@type":"EntryPoint","urlTemplate":"https:\/\/romanemoreira.com\/?s={search_term_string}"},"query-input":{"@type":"PropertyValueSpecification","valueRequired":true,"valueName":"search_term_string"}}],"inLanguage":"fr-FR"}]}},"_links":{"self":[{"href":"https:\/\/romanemoreira.com\/index.php\/wp-json\/wp\/v2\/pages\/4702"}],"collection":[{"href":"https:\/\/romanemoreira.com\/index.php\/wp-json\/wp\/v2\/pages"}],"about":[{"href":"https:\/\/romanemoreira.com\/index.php\/wp-json\/wp\/v2\/types\/page"}],"author":[{"embeddable":true,"href":"https:\/\/romanemoreira.com\/index.php\/wp-json\/wp\/v2\/users\/1"}],"replies":[{"embeddable":true,"href":"https:\/\/romanemoreira.com\/index.php\/wp-json\/wp\/v2\/comments?post=4702"}],"version-history":[{"count":10,"href":"https:\/\/romanemoreira.com\/index.php\/wp-json\/wp\/v2\/pages\/4702\/revisions"}],"predecessor-version":[{"id":4716,"href":"https:\/\/romanemoreira.com\/index.php\/wp-json\/wp\/v2\/pages\/4702\/revisions\/4716"}],"wp:attachment":[{"href":"https:\/\/romanemoreira.com\/index.php\/wp-json\/wp\/v2\/media?parent=4702"}],"curies":[{"name":"wp","href":"https:\/\/api.w.org\/{rel}","templated":true}]}}